inder when t is divided by 14.
11
Let v = -3 + 5. Suppose 11 - 61 = v*m. What is the remainder when 0 - (-1 + m) - -2 is divided by 15?
13
Let u(f) = -f + 14. What is the remainder when u(5) is divided by 6?
3
Let s(k) = 8*k - 6. What is the remainder when s(3) is divided by 7?
4
Suppose -2*q = -0*q - 134. What is the remainder when q is divided by 34?
33
Let m = 22 + -7. Let z = m + 7. Suppose -2*r - 4*l - 4 = 0, -r = -5*r + 2*l + z. Calculate the remainder when r is divided by 2.
0
Let x(n) = n**2. Let q be x(-2). Suppose q = h + 2. Suppose h*i - 3 - 17 = 0. What is the remainder when 19 is divided by i?
9
Let k = -3 + 12. What is the remainder when 15 is divided by k?
6
Suppose -6*u + 17 = -7. What is the remainder when 16 is divided by u?
0
Let m(q) = 5*q**2 + 5*q - 9. Let a(i) = -i**2 - i + 1. Let z(r) = -6*a(r) - m(r). What is the remainder when z(-5) is divided by 8?
7
Suppose -2*o = 12*o - 308. Calculate the remainder when 87 is divided by o.
21
Calculate the remainder when (-6 - -2)*30/(-8) is divided by 6.
3
Suppose -6*i + 12 = -2*i + 2*f, -f = 0. Suppose 3 = i*z - 6. Calculate the remainder when 2/((-2)/2 + z) is divided by 1.
0
Calculate the remainder when ((-468)/(-30))/((-6)/(-40)) is divided by 5.
4
Let n(p) = -2*p + 3. Calculate the remainder when 37 is divided by n(-1).
2
Let h(c) = 2*c**3 + 12*c**2 - 3*c - 13. What is the remainder when 9 is divided by h(-6)?
4
Suppose -5*j + 2 = 12. Let p = j + 21. What is the remainder when p is divided by 11?
8
Suppose -5*u + 217 = 102. Calculate the remainder when (36/(-15))/((-4)/150) is divided by u.
21
Suppose -56 = -6*l + 28. Calculate the remainder when 18 is divided by l.
4
Let y = 1 + -7. Let b be 29/3 + 4/y. What is the remainder when 4 is divided by (b/6)/(6/8)?
0
Let b be ((-20)/15)/(2/3). Let x = 4 + b. Calculate the remainder when 59 is divided by x/(-4) - (-164)/8.
19
Let o = 30 + -20. Suppose x - 2*z + 0*z - 14 = 0, -2*z = x - o. What is the remainder when 23 is divided by x?
11
Suppose -5*k + 145 = -0*a + 5*a, -91 = -3*a - k. Calculate the remainder when a is divided by 8.
7
Let w(o) = -o**3 - 5*o**2 + o + 14. Calculate the remainder when w(-7) is divided by 27.
24
Let b = -33 - -41. What is the remainder when 55 is divided by b?
7
Let j = 92 - -41. What is the remainder when j is divided by 34?
31
Suppose 8 = -2*v - 4*r, -2*r = -v - 3*r. Suppose -3*m + 5*u = 2, v*m + u = -4*u + 44. What is the remainder when 11 is divided by m?
5
Calculate the remainder when ((-15)/(-6))/(2/12) is divided by 6.
3
Suppose -q + 4 = -0*q. Calculate the remainder when 10 is divided by q.
2
Let d(o) = -o**2 + 12*o - 13. Calculate the remainder when d(10) is divided by 3.
1
Let v(q) = 0*q + 0*q + 8 + 2*q + q**2. Let z = -7 - -18. Calculate the remainder when v(-6) is divided by z.
10
Calculate the remainder when -4*(-4)/8 + 8 is divided by 4.
2
Let j be (-1)/(1 - 2/3). Calculate the remainder when -2 - (-2 + 107)/j is divided by 12.
9
Let b(j) = j**3 + 9*j**2 - 6*j. Let l be b(-9). Suppose -120 = -6*i + i. What is the remainder when i is divided by (-5)/10 - l/(-4)?
11
Let w(u) = 12*u**2 - 5*u**2 - u - 3 - 4*u**2. What is the remainder when w(5) is divided by 17?
16
Let v be ((-6)/(-4))/((-3)/8). Calculate the remainder when 587/13 + v/26 is divided by 16.
13
Let o = 20 + -6. Suppose r = 2*p - 15, -7*p + 2*p - 2*r + 15 = 0. Calculate the remainder when o is divided by p.
4
Let m(u) = u**3 - 5*u**2 - 2*u - 6. Let y be m(6). Suppose 93 = 5*f - 2*t, -4*t = -0*f - 2*f + 50. Calculate the remainder when 4/y - 590/(-18) is divided by f.
16
Let w(l) = -l**2 + 16*l - 10. Let f be w(15). Let z(b) = 2*b**2 - 2*b + 5. Calculate the remainder when z(f) is divided by 16.
13
What is the remainder when (-126)/(-15)*14*(-20)/(-16) is divided by 15?
12
Suppose 0*d + d = 9. Suppose 3*f - 24 = -d. What is the remainder when 18 is divided by f?
3
Suppose -2*c + 2*i + 32 = 0, c + c - 4*i - 40 = 0. Calculate the remainder when 105 is divided by c.
9
Let c = 2 - 4. Let j = c - -4. What is the remainder when 4 is divided by j?
0
Suppose r + 395 = 6*r. Suppose -4*v = -21 - r. What is the remainder when v is divided by 14?
11
Suppose -8*a + 3*a = 0. Suppose 3*w = -5*r + 97, -4*w - 7 + 23 = a. What is the remainder when 50 is divided by r?
16
Suppose 215 = 3*o - 136. Calculate the remainder when o is divided by 40.
37
Suppose 41*o - 43*o + 26 = 0. What is the remainder when 38 is divided by o?
12
Let q = -15 - -57. Calculate the remainder when q is divided by 23.
19
Suppose 3*n - 2*d - 11 = 0, -2*d + 19 = 3*n - 0*n. Suppose 5*u - 55 = n*x, 6 = -3*x - 0. What is the remainder when 15 is divided by u?
6
Suppose 124 + 100 = 4*k. Calculate the remainder when k is divided by 1953/105 - (-4)/10.
18
Suppose -3*v - 2*v + 65 = 0. Let c(j) = j**2 - 8*j - 9. What is the remainder when c(11) is divided by v?
11
Let c(q) = -6*q - 1. Let o(g) = -7*g - 2. Let j(r) = -6*c(r) + 5*o(r). What is the remainder when j(5) is divided by 1?
0
Suppose -71 = j - 265. What is the remainder when j is divided by 28?
26
Suppose -4 + 46 = 6*a. Calculate the remainder when 38 is divided by a.
3
Let u = -26 + 31. What is the remainder when 8 is divided by u?
3
Suppose 4*m - 178 = -3*x - 27, -2*m + 3*x + 71 = 0. Calculate the remainder when m is divided by 19.
18
Let v = -14 - -164. Suppose -4*z - 2*c = z - v, -z = -4*c - 30. Let g = -9 + z. What is the remainder when 40 is divided by g?
19
Suppose 0 = -2*x - 2*x - 4*y - 4, 2*x + 4*y = -8. Suppose 3*t - 3*r = 33, -x*t - 2*r + 15 = -19. What is the remainder when t is divided by 8?
6
Let c = 11 + -20. Let r = c + 13. Suppose r*u + 3 - 11 = 0. What is the remainder when 4 is divided by u?
0
Let s be 1 + 0 - (-1 - 0). Let z(v) = -4*v + 3. Let o be z(s). Let l(m) = -m**2 - 10*m + 6. What is the remainder when l(o) is divided by 16?
15
Let f(g) = -g + 8. Let c be f(8). Suppose c*n + 14 = 2*n. What is the remainder when 13 is divided by n?
6
Let a(l) = -l**3 + 3*l**2 + 7*l. Let r be a(5). Let z = r + 24. What is the remainder when 35 is divided by z?
8
Let d(z) = z**3 + 6*z**2 + 6*z + 4. Let g be d(-5). Let c = 1 - g. Calculate the remainder when c is divided by 2.
0
Suppose 0 = -2*w - 3*f + 278, 3*f = w - 0*w - 148. Suppose 13 = 5*g - w. What is the remainder when g is divided by 16?
15
Let g = -22 + 36. What is the remainder when g - (8/1 - 4) is divided by 7?
3
Calculate the remainder when (-4)/(-8)*(9/(-3) + 121) is divided by 10.
9
Let b = 29 - 18. Suppose 4*u + 5*m + 12 = u, 0 = u - 4*m - 13. Let y = u + 5. Calculate the remainder when b is divided by y.
5
Let k be 0*(-1 - 3/(-6)). Suppose k = 5*o - 4*m - 154, o - 4*o + 98 = -m. What is the remainder when o is divided by 12?
10
Let l(n) = 23*n**2 - n - 1. Suppose -2*r + 9 = 11. What is the remainder when l(r) is divided by 13?
10
Let w be 2/(-4)*(-10 + 4). Suppose -s + r = w - 9, 0 = -5*s - r + 48. Calculate the remainder when 17 is divided by s.
8
Suppose -4 - 12 = -4*k. Let y be 0 + k + -3 - 12. Let h = y + 15. What is the remainder when 11 is divided by h?
3
Suppose -3*h - 20 = -5*x, -27 = -3*x - 5*h + 19. Calculate the remainder when 19 is divided by -1*1*(0 - x).
5
Suppose 0 = -n - 3*n. Suppose -5*c + p + 25 = n, 0*c = -4*c + 3*p + 20. Calculate the remainder when 7 is divided by c.
2
What is the remainder when 43 is divided by (36/8 - 3)*10?
13
Suppose -4 = -a - 2. Calculate the remainder when a is divided by 0 + 1 - (-1 + 0).
0
Let r be 3/2 - (-141)/6. Suppose -j = -0*j - r. What is the remainder when j is divided by 13?
12
Let w be 53/((0 + -3)/(-3)). Let y = 126 - w. What is the remainder when y is divided by 19?
16
Suppose -29 = -4*l - 1. What is the remainder when 25 is divided by l?
4
Let g = 23 - 10. Let c = g + -6. Suppose h = -h + 24. What is the remainder when h is divided by c?
5
Suppose -k - k + 8 = 0. Suppose -p + 5 = 0, -p - 31 = -k*w + 4. What is the remainder when 19 is divided by w?
9
Suppose 0 = 2*d - 4*d + 48. Calculate the remainder when d is divided by 5.
4
Calculate the remainder when 37 is divided by (-4)/5*70/(-4).
9
Let w(l) = 18*l - 45. What is the remainder when w(6) is divided by 16?
15
Suppose 54 = 2*u + u. Calculate the remainder when 50 is divided by u.
14
Let p = -9 + 7. Calculate the remainder when (-4 - p)*1*-4